{"id":314,"date":"2024-03-20T00:48:44","date_gmt":"2024-03-20T00:48:44","guid":{"rendered":"https:\/\/sitestriplem.online\/?post_type=product&#038;p=314"},"modified":"2026-02-12T16:07:22","modified_gmt":"2026-02-12T16:07:22","slug":"azeane-creme","status":"publish","type":"product","link":"https:\/\/csportugal.pt\/?product=azeane-creme","title":{"rendered":"Az\u00e9ane Creme"},"content":{"rendered":"<p>Altamente concentrado em \u00c1cido Azelaico (15%), um ingrediente ativo dermatol\u00f3gico com m\u00faltiplas propriedades. O AZ\u00c9ANE CREME, melhora o aspeto geral da pele, favorece o desaparecimento das manchas castanhas, reduz as imperfei\u00e7\u00f5es cut\u00e2neas, a vermelhid\u00e3o e as marcas residuais, ao mesmo tempo que suaviza e restaura a luminosidade da pele. A sua textura cremosa, rapidamente absorvida, deixa um acabamento suave, n\u00e3o pegajoso e sem brilho. A pele fica limpa, hidratada, apaziguada e mais uniforme.<\/p>\n<p><strong>CREME MULTI-A\u00c7\u00d5ES<\/strong><br \/>\n\u2013 Elimina manchas castanhas, restaura a luminosidade da pele e uniformiza a tez.<br \/>\n\u2013 Reduz as imperfei\u00e7\u00f5es e diminui as marcas p\u00f3s-acne.<br \/>\n\u2013 Reduz a vermelhid\u00e3o.<\/p>\n<div class=\"r\">\n<div class=\"s\"><span class=\"a\"><strong>APRESENTA\u00c7\u00c3O:<\/strong>\u00a0<\/span><span class=\"b\">Bisnaga de 30ml<\/span><\/div>\n<\/div>\n<div class=\"r\">\n<div class=\"s\"><span class=\"a\"><strong>CNP:<\/strong>\u00a0<\/span><span class=\"b\">7314799<\/span><\/div>\n<\/div>\n","protected":false},"excerpt":{"rendered":"<p>Altamente concentrado em \u00c1cido Azelaico (15%), um ingrediente ativo dermatol\u00f3gico com m\u00faltiplas propriedades. O AZ\u00c9ANE CREME, melhora o aspeto geral da pele, favorece o desaparecimento das manchas castanhas, reduz as imperfei\u00e7\u00f5es cut\u00e2neas, a vermelhid\u00e3o e as marcas residuais, ao mesmo tempo que suaviza e restaura a luminosidade da pele. A sua textura cremosa, rapidamente absorvida, [&hellip;]<\/p>\n","protected":false},"featured_media":315,"comment_status":"open","ping_status":"closed","template":"","meta":{"_acf_changed":false,"_monsterinsights_skip_tracking":false,"_monsterinsights_sitenote_active":false,"_monsterinsights_sitenote_note":"","_monsterinsights_sitenote_category":0},"product_brand":[],"product_cat":[42,57,31,39,53],"product_tag":[],"class_list":{"0":"post-314","1":"product","2":"type-product","3":"status-publish","4":"has-post-thumbnail","6":"product_cat-acne","7":"product_cat-adultos","8":"product_cat-dermocosmetica","9":"product_cat-hiperpigmentacao","10":"product_cat-rosacea","12":"first","13":"instock","14":"taxable","15":"shipping-taxable","16":"purchasable","17":"product-type-simple"},"acf":[],"_links":{"self":[{"href":"https:\/\/csportugal.pt\/index.php?rest_route=\/wp\/v2\/product\/314","targetHints":{"allow":["GET"]}}],"collection":[{"href":"https:\/\/csportugal.pt\/index.php?rest_route=\/wp\/v2\/product"}],"about":[{"href":"https:\/\/csportugal.pt\/index.php?rest_route=\/wp\/v2\/types\/product"}],"replies":[{"embeddable":true,"href":"https:\/\/csportugal.pt\/index.php?rest_route=%2Fwp%2Fv2%2Fcomments&post=314"}],"wp:featuredmedia":[{"embeddable":true,"href":"https:\/\/csportugal.pt\/index.php?rest_route=\/wp\/v2\/media\/315"}],"wp:attachment":[{"href":"https:\/\/csportugal.pt\/index.php?rest_route=%2Fwp%2Fv2%2Fmedia&parent=314"}],"wp:term":[{"taxonomy":"product_brand","embeddable":true,"href":"https:\/\/csportugal.pt\/index.php?rest_route=%2Fwp%2Fv2%2Fproduct_brand&post=314"},{"taxonomy":"product_cat","embeddable":true,"href":"https:\/\/csportugal.pt\/index.php?rest_route=%2Fwp%2Fv2%2Fproduct_cat&post=314"},{"taxonomy":"product_tag","embeddable":true,"href":"https:\/\/csportugal.pt\/index.php?rest_route=%2Fwp%2Fv2%2Fproduct_tag&post=314"}],"curies":[{"name":"wp","href":"https:\/\/api.w.org\/{rel}","templated":true}]}}