{"id":1754,"date":"2026-01-31T13:43:10","date_gmt":"2026-01-31T13:43:10","guid":{"rendered":"https:\/\/csportugal.pt\/?post_type=product&#038;p=1754"},"modified":"2026-02-12T16:18:32","modified_gmt":"2026-02-12T16:18:32","slug":"sensitelial-ad-balsamo-intensivo","status":"publish","type":"product","link":"https:\/\/csportugal.pt\/?product=sensitelial-ad-balsamo-intensivo","title":{"rendered":"Sensit\u00e9lial.AD B\u00e1lsamo intensivo"},"content":{"rendered":"<p>SENSIT\u00c9LIAL.AD B\u00e1lsamo Intensivo est\u00e1 indicado para pele muito seca, com tend\u00eancia at\u00f3pica, irrita\u00e7\u00e3o e prurido.<\/p>\n<p>A sua textura rica e reconfortante atua em profundidade, ajudando a reparar a barreira cut\u00e2nea, a aliviar a sensa\u00e7\u00e3o de desconforto e a proteger a pele das agress\u00f5es externas. Formulado para respeitar o equil\u00edbrio natural da pele, proporciona al\u00edvio prolongado e uma sensa\u00e7\u00e3o imediata de suavidade e conforto.<\/p>\n<p>&nbsp;<\/p>\n<div class=\"r\">\n<div class=\"s\"><strong><strong><span class=\"a\">APRESENTA\u00c7\u00c3O: <\/span><\/strong><\/strong>Frasco doseador de 500 ml<\/div>\n<\/div>\n<div class=\"r\">\n<div class=\"s\"><span class=\"a\"><strong>CNP:<\/strong> 7600601<\/span><\/div>\n<\/div>\n","protected":false},"excerpt":{"rendered":"<p>SENSIT\u00c9LIAL.AD B\u00e1lsamo Intensivo est\u00e1 indicado para pele muito seca, com tend\u00eancia at\u00f3pica, irrita\u00e7\u00e3o e prurido. A sua textura rica e reconfortante atua em profundidade, ajudando a reparar a barreira cut\u00e2nea, a aliviar a sensa\u00e7\u00e3o de desconforto e a proteger a pele das agress\u00f5es externas. Formulado para respeitar o equil\u00edbrio natural da pele, proporciona al\u00edvio prolongado [&hellip;]<\/p>\n","protected":false},"featured_media":1755,"comment_status":"open","ping_status":"closed","template":"","meta":{"_acf_changed":false,"_monsterinsights_skip_tracking":false,"_monsterinsights_sitenote_active":false,"_monsterinsights_sitenote_note":"","_monsterinsights_sitenote_category":0},"product_brand":[],"product_cat":[58],"product_tag":[],"class_list":{"0":"post-1754","1":"product","2":"type-product","3":"status-publish","4":"has-post-thumbnail","6":"product_cat-dermatite-atopica","8":"first","9":"instock","10":"taxable","11":"shipping-taxable","12":"purchasable","13":"product-type-simple"},"acf":[],"_links":{"self":[{"href":"https:\/\/csportugal.pt\/index.php?rest_route=\/wp\/v2\/product\/1754","targetHints":{"allow":["GET"]}}],"collection":[{"href":"https:\/\/csportugal.pt\/index.php?rest_route=\/wp\/v2\/product"}],"about":[{"href":"https:\/\/csportugal.pt\/index.php?rest_route=\/wp\/v2\/types\/product"}],"replies":[{"embeddable":true,"href":"https:\/\/csportugal.pt\/index.php?rest_route=%2Fwp%2Fv2%2Fcomments&post=1754"}],"wp:featuredmedia":[{"embeddable":true,"href":"https:\/\/csportugal.pt\/index.php?rest_route=\/wp\/v2\/media\/1755"}],"wp:attachment":[{"href":"https:\/\/csportugal.pt\/index.php?rest_route=%2Fwp%2Fv2%2Fmedia&parent=1754"}],"wp:term":[{"taxonomy":"product_brand","embeddable":true,"href":"https:\/\/csportugal.pt\/index.php?rest_route=%2Fwp%2Fv2%2Fproduct_brand&post=1754"},{"taxonomy":"product_cat","embeddable":true,"href":"https:\/\/csportugal.pt\/index.php?rest_route=%2Fwp%2Fv2%2Fproduct_cat&post=1754"},{"taxonomy":"product_tag","embeddable":true,"href":"https:\/\/csportugal.pt\/index.php?rest_route=%2Fwp%2Fv2%2Fproduct_tag&post=1754"}],"curies":[{"name":"wp","href":"https:\/\/api.w.org\/{rel}","templated":true}]}}