{"id":1748,"date":"2026-01-31T13:08:49","date_gmt":"2026-01-31T13:08:49","guid":{"rendered":"https:\/\/csportugal.pt\/?post_type=product&#038;p=1748"},"modified":"2026-02-12T16:17:37","modified_gmt":"2026-02-12T16:17:37","slug":"sebionex-trio-creme-suavizante-anti-imperfeicoes","status":"publish","type":"product","link":"https:\/\/csportugal.pt\/?product=sebionex-trio-creme-suavizante-anti-imperfeicoes","title":{"rendered":"S\u00e9bionex TRIO Creme Suavizante Anti-imperfei\u00e7\u00f5es"},"content":{"rendered":"<p>S\u00c9BIONEX TRIO Creme Suavizante Anti-Imperfei\u00e7\u00f5es pode ser usado tanto em monoterapia como em associa\u00e7\u00e3o com tratamentos com medicamentos, tendo tr\u00eas a\u00e7\u00f5es complementares num \u00fanico produto:<\/p>\n<p>&#8211; a\u00e7\u00e3o hidratante e suavizante, reduzindo em simult\u00e2neo a inflama\u00e7\u00e3o e a irrita\u00e7\u00e3o associada a tratamentos convencionais, acalmando a pele<\/p>\n<p>&#8211; a\u00e7\u00e3o antibacteriana, combatendo a prolifera\u00e7\u00e3o de bact\u00e9rias<\/p>\n<p>&#8211; atua contra a seborreia, regulando a produ\u00e7\u00e3o de sebo. Al\u00e9m disso, esfolia suavemente e ajuda a limitar a forma\u00e7\u00e3o de comed\u00f5es, gra\u00e7as a agentes queratol\u00edticos, melhorando a apar\u00eancia geral da pele.<\/p>\n<p>&nbsp;<\/p>\n<div class=\"r\">\n<div class=\"s\"><strong><span class=\"a\">APRESENTA\u00c7\u00c3O:\u00a0<\/span><\/strong><span class=\"b\">Embalagem de 40 ml<\/span><\/div>\n<\/div>\n<div class=\"r\">\n<div class=\"s\"><span class=\"a\"><strong>CNP:<\/strong> 7583682<\/span><\/div>\n<\/div>\n","protected":false},"excerpt":{"rendered":"<p>S\u00c9BIONEX TRIO Creme Suavizante Anti-Imperfei\u00e7\u00f5es pode ser usado tanto em monoterapia como em associa\u00e7\u00e3o com tratamentos com medicamentos, tendo tr\u00eas a\u00e7\u00f5es complementares num \u00fanico produto: &#8211; a\u00e7\u00e3o hidratante e suavizante, reduzindo em simult\u00e2neo a inflama\u00e7\u00e3o e a irrita\u00e7\u00e3o associada a tratamentos convencionais, acalmando a pele &#8211; a\u00e7\u00e3o antibacteriana, combatendo a prolifera\u00e7\u00e3o de bact\u00e9rias &#8211; atua [&hellip;]<\/p>\n","protected":false},"featured_media":1744,"comment_status":"open","ping_status":"closed","template":"","meta":{"_acf_changed":false,"_monsterinsights_skip_tracking":false,"_monsterinsights_sitenote_active":false,"_monsterinsights_sitenote_note":"","_monsterinsights_sitenote_category":0},"product_brand":[],"product_cat":[42,56],"product_tag":[],"class_list":{"0":"post-1748","1":"product","2":"type-product","3":"status-publish","4":"has-post-thumbnail","6":"product_cat-acne","7":"product_cat-adolescentes","9":"first","10":"instock","11":"taxable","12":"shipping-taxable","13":"purchasable","14":"product-type-simple"},"acf":[],"_links":{"self":[{"href":"https:\/\/csportugal.pt\/index.php?rest_route=\/wp\/v2\/product\/1748","targetHints":{"allow":["GET"]}}],"collection":[{"href":"https:\/\/csportugal.pt\/index.php?rest_route=\/wp\/v2\/product"}],"about":[{"href":"https:\/\/csportugal.pt\/index.php?rest_route=\/wp\/v2\/types\/product"}],"replies":[{"embeddable":true,"href":"https:\/\/csportugal.pt\/index.php?rest_route=%2Fwp%2Fv2%2Fcomments&post=1748"}],"wp:featuredmedia":[{"embeddable":true,"href":"https:\/\/csportugal.pt\/index.php?rest_route=\/wp\/v2\/media\/1744"}],"wp:attachment":[{"href":"https:\/\/csportugal.pt\/index.php?rest_route=%2Fwp%2Fv2%2Fmedia&parent=1748"}],"wp:term":[{"taxonomy":"product_brand","embeddable":true,"href":"https:\/\/csportugal.pt\/index.php?rest_route=%2Fwp%2Fv2%2Fproduct_brand&post=1748"},{"taxonomy":"product_cat","embeddable":true,"href":"https:\/\/csportugal.pt\/index.php?rest_route=%2Fwp%2Fv2%2Fproduct_cat&post=1748"},{"taxonomy":"product_tag","embeddable":true,"href":"https:\/\/csportugal.pt\/index.php?rest_route=%2Fwp%2Fv2%2Fproduct_tag&post=1748"}],"curies":[{"name":"wp","href":"https:\/\/api.w.org\/{rel}","templated":true}]}}