{"id":1013,"date":"2024-05-20T22:07:25","date_gmt":"2024-05-20T22:07:25","guid":{"rendered":"https:\/\/sitestriplem.online\/?post_type=product&#038;p=1013"},"modified":"2026-02-12T16:10:15","modified_gmt":"2026-02-12T16:10:15","slug":"care-system-espuma","status":"publish","type":"product","link":"https:\/\/csportugal.pt\/?product=care-system-espuma","title":{"rendered":"Care System Espuma"},"content":{"rendered":"<div class=\"p content\">\n<div id=\"t3-mainbody\" class=\"container t3-mainbody\">\n<div class=\"row\">\n<div id=\"t3-content\" class=\"t3-content col-xs-12\">\n<div class=\"item-page\">\n<article>\n<section class=\"article-content clearfix\">\n<div class=\"rl_tabs nn_tabs outline_content top align_left has_effects\" role=\"presentation\">\n<div class=\"tab-content\">\n<div id=\"produto\" class=\"tab-pane rl_tabs-pane nn_tabs-pane active\" role=\"tabpanel\" aria-hidden=\"false\" aria-labelledby=\"tab-produto\">\n<p>Espuma para barbear peles sens\u00edveis, com tend\u00eancia acneica, oleosas ou com foliculites.<\/p>\n<\/div>\n<\/div>\n<\/div>\n<\/section>\n<\/article>\n<\/div>\n<\/div>\n<\/div>\n<\/div>\n<footer id=\"t3-footer\" class=\"wrap t3-footer\">\n<div>\n<div class=\"t3-spotlight t3-footnav row\">\n<div class=\" col-lg-4 col-md-4 col-sm-4 col-xs-12\">\n<div id=\"Mod92\" class=\"t3-module module-left \">\n<div class=\"module-inner\">\n<div class=\"module-ct\">\n<div class=\"custom-left\"><\/div>\n<\/div>\n<\/div>\n<\/div>\n<\/div>\n<\/div>\n<\/div>\n<\/footer>\n<\/div>\n<div class=\"q\">\n<div class=\"r\">\n<div class=\"s\"><strong><span class=\"a\">APRESENTA\u00c7\u00c3O: <\/span><\/strong><span class=\"b\">Frasco de 150 ml<\/span><\/div>\n<\/div>\n<div class=\"r\">\n<div class=\"s\"><span class=\"a\"><strong>CNP:<\/strong> <\/span><span class=\"b\">6418723<\/span><\/div>\n<\/div>\n<\/div>\n","protected":false},"excerpt":{"rendered":"<p>Espuma para barbear peles sens\u00edveis, com tend\u00eancia acneica, oleosas ou com foliculites. APRESENTA\u00c7\u00c3O: Frasco de 150 ml CNP: 6418723<\/p>\n","protected":false},"featured_media":1074,"comment_status":"open","ping_status":"closed","template":"","meta":{"_acf_changed":false,"_monsterinsights_skip_tracking":false,"_monsterinsights_sitenote_active":false,"_monsterinsights_sitenote_note":"","_monsterinsights_sitenote_category":0},"product_brand":[],"product_cat":[45],"product_tag":[],"class_list":{"0":"post-1013","1":"product","2":"type-product","3":"status-publish","4":"has-post-thumbnail","6":"product_cat-barbear","8":"first","9":"instock","10":"taxable","11":"shipping-taxable","12":"purchasable","13":"product-type-simple"},"acf":[],"_links":{"self":[{"href":"https:\/\/csportugal.pt\/index.php?rest_route=\/wp\/v2\/product\/1013","targetHints":{"allow":["GET"]}}],"collection":[{"href":"https:\/\/csportugal.pt\/index.php?rest_route=\/wp\/v2\/product"}],"about":[{"href":"https:\/\/csportugal.pt\/index.php?rest_route=\/wp\/v2\/types\/product"}],"replies":[{"embeddable":true,"href":"https:\/\/csportugal.pt\/index.php?rest_route=%2Fwp%2Fv2%2Fcomments&post=1013"}],"wp:featuredmedia":[{"embeddable":true,"href":"https:\/\/csportugal.pt\/index.php?rest_route=\/wp\/v2\/media\/1074"}],"wp:attachment":[{"href":"https:\/\/csportugal.pt\/index.php?rest_route=%2Fwp%2Fv2%2Fmedia&parent=1013"}],"wp:term":[{"taxonomy":"product_brand","embeddable":true,"href":"https:\/\/csportugal.pt\/index.php?rest_route=%2Fwp%2Fv2%2Fproduct_brand&post=1013"},{"taxonomy":"product_cat","embeddable":true,"href":"https:\/\/csportugal.pt\/index.php?rest_route=%2Fwp%2Fv2%2Fproduct_cat&post=1013"},{"taxonomy":"product_tag","embeddable":true,"href":"https:\/\/csportugal.pt\/index.php?rest_route=%2Fwp%2Fv2%2Fproduct_tag&post=1013"}],"curies":[{"name":"wp","href":"https:\/\/api.w.org\/{rel}","templated":true}]}}